- 12. Let l be j(6). Suppose 944 + 270 = 128*x - 1346. Is (61*x/l)/(2/(-3)) a prime number?
False
Let m be 2/(-7) - (-1152)/14. Suppose a - 4*j = 75, -a + 3*j = 21 - 97. Suppose m = k - a. Is k a prime number?
False
Suppose -2*n - 12 = 2*f - 0*f, -4*f - 15 = n. Let j be 0 - (-2)/f - (-96)/(-18). Let z(d) = -2*d**3 + 2*d**2 - 6*d - 13. Is z(j) a composite number?
True
Let l = -38 - -120. Let b = l - 77. Suppose 484 = b*w - 1. Is w a prime number?
True
Let i = 2491 - -2265. Suppose 0 = 4*p + 2*f - 9748, -5*p - 2*f - i = -16941. Is p prime?
True
Suppose -500*x - 556897 = -511*x. Is x composite?
False
Suppose y - 150 = -4*y. Suppose 31*z = y*z. Is (-116 - 13)*(z + -1) prime?
False
Is 2 - 10/3 - 7004921/(-33) a prime number?
False
Let z(l) = 24 - 18*l + 15*l + l - 82*l. Let r be z(-13). Let f = r + -635. Is f a prime number?
False
Let u(m) = -35*m - 6*m - 1418 + 1391 - 65*m. Is u(-4) a prime number?
True
Let p(f) be the first derivative of 15*f**5/4 - f**4/12 + f - 18. Let h(g) be the first derivative of p(g). Is h(1) a prime number?
False
Let i be (-14)/(-10)*(15 - 40/4). Suppose -37092 - 3361 = -i*b. Is b a composite number?
False
Let b = 844810 - 557259. Is b composite?
True
Suppose 0*q + 2*b + 106 = 2*q, -q + 38 = 2*b. Is 508872/q - (-2)/(-4) a prime number?
True
Suppose h - 14233 = -3*d, -4*d = 2*h - 6*h + 56900. Suppose -x - h = -3*n, x = -7*n + 4*n + 14219. Is n prime?
False
Suppose 1096401 = 165*m + 439659 - 1834923. Is m prime?
True
Let m(v) = -v**3 + 6*v**2 - v + 1. Let b be m(5). Let a(p) = p**2 - 26*p - 37. Let y(w) = -w. Let h(s) = -a(s) - y(s). Is h(b) composite?
False
Let y = 566 + -525. Suppose 43*u = y*u + 17134. Is u a composite number?
True
Let f be (-13)/(-2*(-3)/(-6) - 0). Let p(j) = j**3 - 14*j**2 + 15*j - 25. Let b be p(f). Is (-165 - b)*18/(-36) composite?
False
Suppose 230*x - 247*x + 425164 + 98725 = 0. Is x prime?
True
Let s = 336 - 227. Let v = s + -22. Is v a composite number?
True
Suppose 10*y - 1350278 = -3*y + 101211. Is y composite?
False
Suppose 0*p = -5*i - 2*p + 44, 0 = 2*p + 6. Let z = -7 + i. Suppose -z*f = -993 - 630. Is f prime?
True
Let j be 2/(-1 - (-12)/8). Suppose -4*t + 3*k = -35, j*t + k - 59 = -4*k. Suppose t*x + 35886 = 17*x. Is x a composite number?
False
Suppose 11*c - 20*c - 3186 = 0. Suppose -3*f = -4*j - 168 - 98, j - 2*f = -69. Let a = j - c. Is a composite?
True
Let l(r) be the second derivative of 3*r**4/4 - 7*r**3/3 + 17*r**2/2 + 3*r. Let z = -62 + 74. Is l(z) a prime number?
False
Is -2 + 12/(-4) + -2 - -628278 a composite number?
True
Suppose -5*j - 8245 - 6364 = -4*v, -5*v = j - 18225. Let i = 6869 - v. Is i a composite number?
True
Let x = 42 - 40. Suppose 8 = -x*k, -5*z - 6*k - 14662 = -8*k. Let r = z + 4557. Is r a composite number?
True
Let q(z) be the third derivative of 65*z**4/24 + 11*z**3/6 + z**2. Let w be 23 + (12 - 8 - 7) - 6. Is q(w) a prime number?
False
Let h = 851041 - 340214. Is h a composite number?
False
Is (-169749821)/(-230) - 1*9/(-30) prime?
True
Let l(t) = -3*t**3 - 5*t**2 + 56*t + 12. Let d be l(-11). Suppose 20*k = d + 2276. Is k prime?
False
Let l = -175992 - -270741. Is l composite?
True
Suppose 1912 = 3*d + 232. Suppose 0 = -3*q - 7*q + d. Let p = 831 + q. Is p a composite number?
False
Let n be (-4)/(-14) + (-7245616)/(-49). Suppose -p + 4 = 0, -5*j = 3*p - 791462 + n. Is j/70*10/4 a composite number?
False
Suppose -4*c = -j + 16446, -26*j + 3*c = -29*j + 49338. Suppose -j = -142*d + 136*d. Is d a prime number?
True
Let y = 1113 + 441. Let w be (378/(-28) + 13)*-8. Suppose 2*z - 4*z + 782 = 2*j, -w*z + j = -y. Is z a composite number?
False
Let p(o) = -14*o + 40. Let j = -218 - -197. Is p(j) a composite number?
True
Let c be (72/(-14))/((-2)/7). Suppose 0 = -13*w + c*w - 8275. Is w a prime number?
False
Let j be 18306/8 + -2 + 63/36. Let k = -889 + j. Is k a prime number?
True
Suppose 0 = -x, -5*a + 54*x - 570 = 52*x. Is 25966/6 - (-76)/a prime?
True
Let w(n) = n**2 + 3*n - 10. Let r be w(-8). Let a = 32 - r. Is 199/((-4)/(-8)*a) prime?
True
Suppose 7*f + 60503550 = 152*f + 5*f. Is f a prime number?
False
Is (-30)/(-18)*3211795*12/100 a prime number?
True
Let n = -29 + -14. Let o = 54 + n. Suppose o*a + 725 = 16*a. Is a a prime number?
False
Let o = 54 + -49. Suppose 5*b = 3*x - 18 + 54, -5*b - o*x + 60 = 0. Suppose -10073 = -3*k + 5*w, 1 = 2*w + b. Is k composite?
True
Is 1417786*(-9 + (-133)/(-14)) composite?
False
Is (-1)/16 - (-7417800)/1152 composite?
True
Let n = 4956 + -3271. Suppose -1011 = -3*c - 3*u, -c + 2*u = -6*c + n. Let p = c - 188. Is p prime?
True
Let x = -262 + 267. Suppose x*p = 13300 + 34765. Is p a prime number?
True
Suppose r - 29 + 44 = 0. Let l be (r/(-10))/(12/2048). Is l - (-2 + 1 - -4) a composite number?
True
Suppose 29*p + 1564 - 404 = 0. Is ((-27220)/p)/(2/4) composite?
False
Let t(u) = 32*u - 77. Let s be t(8). Suppose 0 = -185*j + s*j + 19722. Is j prime?
False
Suppose 15*t - 602329 = -97234. Is t composite?
True
Let i = 966 + -1508. Let c = -376 - i. Let h = c - -280. Is h a prime number?
False
Suppose 768198 = 5*o - v, -128*o + 132*o = -4*v + 614592. Is o a prime number?
True
Let n(g) = -g - 2. Let s be n(-4). Suppose -2*d + 7826 = 3*k, -12*k = -15*k + 2*d + 7810. Suppose 5*j - s*u = 4347, u = -2*j - j + k. Is j composite?
True
Suppose 7*x - x = 18. Suppose -39012 = -9*k - x*k. Is k prime?
True
Let n(x) = -3*x**2 + x - 1. Let h be n(1). Let j(v) = -16*v + 32. Let m be j(2). Is 4/((m - h) + -5) - -445 composite?
False
Let x be (-4)/(-42) + (-3073)/(-147). Suppose 0*l + x*l - 19047 = 0. Is l a composite number?
False
Suppose 2050854 = -23*t + 36*t. Suppose 0 = 24*a - 30*a + t. Is a a prime number?
True
Suppose 2*s = 5*c + 327, 5*s + 355 = c - 6*c. Let y = 388 - c. Suppose -u + 14 = -y. Is u prime?
False
Let u be 90/(-24)*(-1 + 469). Suppose y = -5*a - 2639 - 1942, 12 = 3*y. Let g = a - u. Is g composite?
True
Is 38/380 - (-188)/120 - 1926838/(-3) a prime number?
True
Suppose 262205 = 2*v + 3*o, -2*v + 3*o + 325193 = 62982. Suppose -20395 = 9*m - v. Is m prime?
True
Let w(a) = -4*a**3 - 26*a**2 - 459*a + 89. Is w(-20) composite?
False
Suppose -3*s - 5*s = 680. Let o = -82 - s. Is -3 - ((-6930)/o - (-3 + 5)) composite?
False
Let p(a) be the third derivative of -7/24*a**4 - 12*a**2 + 0*a + 3/2*a**3 + 0 + 4/5*a**5. Is p(2) prime?
False
Let t(n) = 275*n**3 - n**2 + 63*n + 113. Is t(8) composite?
False
Is -4*((-1)/(-12) + (-49983210)/2592)*4 prime?
True
Let s(c) = c**3 - 1. Let p(o) = -2*o**3 + 10*o**2 + 9*o - 4. Let k(i) = -p(i) + s(i). Let x be k(12). Is (-10)/(-5)*x/6 a prime number?
True
Let v be 1073 + (-153)/45 + (-4)/(-10). Let k = v - 763. Is k a composite number?
False
Let v = -73 - -95. Suppose 26*w - 16 = v*w. Suppose 6*t - 5*k = w*t + 226, -t = 3*k - 135. Is t a prime number?
False
Is (16 - 8 - 10)*156558/(-12) prime?
False
Suppose 42*u - 37*u - 134330 = 0. Suppose 13*b - u = -b. Is b a composite number?
True
Suppose -40 = -0*d - 8*d. Suppose -d*k = -i + 5*i - 6613, 4*k = -i + 1645. Is i a composite number?
False
Suppose -6438070 = -442*y + 408*y. Is y composite?
True
Suppose 75 = 6*z - 63. Let q = 28 - z. Suppose 2*h = -q*g + 5041, 17*h = 13*h - g + 10127. Is h composite?
True
Suppose -u = -11*p + 6*p - 1602, 3*p - 12 = 0. Suppose -u = 5*o - 5337. Is o prime?
True
Suppose -7*j + 4*j - 3*g + 19866 = 0, -4*g = -j + 6632. Suppose -3*x + 7*x - j = 0. Let o = x + -1075. Is o prime?
False
Suppose -2 = 2*y, 4*f - f = 4*y - 12656. Let w = -1699 - f. Is w a prime number?
True
Let g(c) = -18*c**2 + 4*c + 25283. Is g(0) a prime number?
False
Let p(w) = -621981*w + 170. Is p(-1) prime?
True
Let k = -8427 + 3242. Suppose -h - b = 7467, 37362 = -5*h + 5*b - b. Let g = k - h. Is g a composite number?
True
Let u(m) = -5*m**2 + 19*m + 6. Let d be u(4). Suppose 29 + 1773 = d*p. Is p a prime number?
False
Suppose 209 - 215 = 2*f. Is ((-33)/(-22))/(f/(-226)) a prime number?
True
Suppose 3*w + 5*a + 5 = 0, -2*w - 5*a + a = 4. Suppose -2*o + 7*o + 18520 = w. Is o/(-17) + 4/34 a prime number?
False
Let r(j) = 119*j**2 - 27*j - 89. Is r(-9) a prime number?
False
Let r(s) = s**3 + s**2 - 7*s + 40. Let w be r(-4). Let d(l) = -86*l - 7. Let y(z) = -172*z - 14. Let u(v) = -13*d(v) + 6*y(v). Is u(w) a composite number?
True
Let b(p) = 3966*p + 12